 greatest common factor of 80 and s?
1
Let i = 8509 + -7977. What is the highest common divisor of i and 171?
19
Suppose 29*z - 30*z + 7 = 0. Suppose -33*p = z*p - 880. What is the highest common divisor of 374 and p?
22
Suppose 42*f + 31*f = 57*f + 240. Suppose 7*x = 2*x + 50. What is the highest common divisor of f and x?
5
Let m(b) = -2*b**3 - 3*b**2 + 47*b + 150. Let u be m(-3). Suppose 2*r = 4*a + 44, 3*r - 5*a = -a + 62. What is the highest common factor of r and u?
18
Suppose -4*t + 72 = 4*t. Suppose t*k + 1225 = -1043. Let s = k + 447. What is the highest common factor of s and 39?
39
Let b(n) = 0*n**2 + 2*n**2 - 3*n**2. Let q(m) = 10*m**2 - 2*m + 9. Let j(c) = 5*b(c) + q(c). Let v be j(-5). What is the greatest common factor of v and 18?
18
Let r = -42 - -2. Let a be 3 + r/(-4) + 3. Suppose 4*f = 20 + 12. Calculate the greatest common factor of f and a.
8
Let v be 18*(1782/(-540))/(2/(-10)). What is the highest common divisor of v and 759?
33
Let y = 3784 - 3286. What is the highest common divisor of y and 12?
6
Suppose 0 = -5*l - 3*x + 5132, -3*l + 4*x - 8*x = -3088. What is the highest common factor of l and 192?
64
Let b be -4*8/(224/5047). Let x = 738 + b. What is the highest common factor of x and 952?
17
Let v(s) be the first derivative of 2*s**3 - 3*s**2/2 + 30. Let z be v(5). Calculate the greatest common factor of z and 15.
15
Let o = 1574 + -1314. Calculate the greatest common divisor of 65 and o.
65
Let l = -165 + 255. Suppose -93 = -3*y - 3*x, 5*y + 4*x - 61 - l = 0. Let a(k) = 6*k**2 + 3*k. Let z be a(-5). What is the highest common divisor of y and z?
27
Suppose -89*t = 75*t + 946 - 3734. What is the highest common divisor of 7463 and t?
17
Let m = 4884 + -4002. What is the greatest common divisor of m and 72?
18
Let g(o) = 16*o - 236. Let s be g(17). Let c = 197 + -141. Let h = c + 232. Calculate the greatest common divisor of h and s.
36
Let f be ((-6)/8)/(3/(-264)). Suppose v + h + 1 = 0, -v + 4*v + h = 11. Calculate the highest common factor of f and v.
6
Suppose 812 = 4*d - 476. Let a(m) = 2*m**2 + 4*m - 2. Suppose -1 = s + 5. Let h be a(s). What is the greatest common divisor of d and h?
46
Let k(x) = -3*x**2 + 62*x + 1515. Let j be k(35). Calculate the greatest common divisor of 33590 and j.
10
Let p be -19 - ((-6)/6 - (2 + 1)). Suppose 0 = z - 0*z - 22. Let x = z + p. Calculate the greatest common divisor of x and 28.
7
Let s(k) = 2*k + 32. Let l be s(-12). Suppose 91*g - 87*g - l = 0. Suppose -3*z - g*z + 75 = 0. Calculate the highest common divisor of z and 60.
15
Let b be (-6)/(-5)*(0 + (-30)/(-9)). Suppose -535 = -v - b*v + 5*r, 3*r = 5*v - 525. What is the greatest common factor of v and 6?
6
Suppose 2*g - 6 = 5*j, 8*j + 4 = 3*j + 3*g. Let x be j/((-18)/(-21))*-3. Suppose -107 - 5 = -x*n. Calculate the greatest common factor of 128 and n.
16
Let v = -1386 - -1820. Calculate the greatest common factor of v and 238.
14
Suppose -3 - 7 = -2*w. Suppose -w = -3*u + 19. Let o(r) = -2735*r - 10884. Let b be o(-4). Calculate the greatest common divisor of u and b.
8
Let n(l) be the first derivative of l**2/2 + 6*l - 8. Let m be n(-4). Let y be 10 + m + (-12)/(-4). Calculate the highest common factor of 90 and y.
15
Let h = -2 - 2. Let l be (1 + h)*(1 + -2). Let u be l*-4*18/(-8). What is the highest common divisor of u and 297?
27
Let r = -7 + 12. Let v be ((-4)/r)/(2/20). Let q be 2/v + 50/8. What is the greatest common divisor of 9 and q?
3
Suppose 12*t = -1626 + 3858. What is the greatest common divisor of 93 and t?
93
Let v(z) = z**3 - 24*z**2 + 24*z + 38. Let u be v(23). Let q = -60 + u. Let i be q*(-4 + 0) + 7. What is the highest common divisor of i and 1?
1
Let o(b) = 2*b**3 - 11*b**2 - 3*b - 69. Let t be o(7). Suppose -3*z + 5*c + 77 = 0, 0 = 3*z - c + 5*c - 41. What is the greatest common factor of t and z?
19
Let u be (39/(-6) - -3)*(1 + -35). Let j = -25 - -27. Suppose 0 = -v + b + 14, j*v + 4*b - 49 = -b. Calculate the highest common divisor of u and v.
17
Suppose 3*l - 48 = l. Let d be (1*2 + 1)*285/285. Suppose 4*z + 24 = d*m + 2*m, -4*m + l = -2*z. What is the greatest common factor of 64 and m?
8
Let s be (8 - 5 - -7 - 37)*-3. What is the greatest common divisor of s and 1125?
9
Let w(x) = -12*x + 9. Let f be 2/(-13) + (-286)/338. Let t be w(f). Calculate the greatest common factor of t and 63.
21
Suppose 4*h + 6*n = n - 17, 0 = -4*h + 3*n - 9. Let w be 1*(h + 0) - 41. Let q be (w/16)/(4/(-32)). Calculate the highest common factor of 44 and q.
22
Let i(h) = -414*h + 2511. Let y be i(6). Calculate the highest common divisor of y and 5886.
27
Suppose 303 = -66*j - 1809. Let r be ((-75)/(-12))/((-20)/j). What is the greatest common factor of 65 and r?
5
Suppose -4*x - y = y - 14, 0 = 5*y - 15. Suppose -q - 4*a = -593, -6*a - 1747 = -3*q - x*a. Calculate the greatest common factor of q and 130.
65
Let o = 1 - -1. Let q be (52/(-8))/(o/(-8)). Suppose 2*y + 4*p - 14 = 0, 2*p = -2*y + 1419 - 1399. What is the highest common factor of y and q?
13
Let v(s) = s**3 - 9*s**2 - 17*s - 3. Let f be v(12). Let m(h) = -h**3 - 14*h**2 - 48*h - 2. Let i be m(-9). Calculate the greatest common factor of f and i.
25
Let h = -351 + 358. Suppose -5*i = 5*v - 140, 0 = 5*i + h*v - 3*v - 137. What is the greatest common divisor of 1300 and i?
25
Let v be (-3078)/(-81) + (3 - 19). Suppose 2*n - 4*n = -16. Calculate the highest common divisor of n and v.
2
Let s = -3613 - -3705. What is the greatest common factor of 69 and s?
23
Let x = -300 - -355. Calculate the greatest common factor of x and 7425.
55
Let x be (-21 - (6 - 1))/(-2). Let d(n) = -n**3 + 12*n**2 + 7*n + 83. Let i be d(x). Calculate the greatest common divisor of i and 320.
5
Let q be (8/(-6))/((-10)/60). Let d be (0 - 6/q)*-20. Suppose -2*u = -3*o - 234, -4*u + 472 = -5*o + o. What is the highest common factor of d and u?
15
Let n(z) = z**2 - 8*z - 12. Let h be n(11). Let a = h + -49. Let d be (7 - 8 - a) + (-1 - 1). Calculate the highest common factor of 25 and d.
25
Let h be (-422)/(-4)*(26 - 22). Suppose 5*b = 2*s - 158, 0*s - b = 5*s - h. What is the highest common divisor of s and 48?
12
Let g be (-22)/10 + (-1912)/(-10). What is the highest common factor of g and 252?
63
Let m = 46 + -33. Let d be (-8)/120*5277 - (-1)/(-5). Let k = d - -495. Calculate the greatest common factor of k and m.
13
Let h(c) = c**2 + 9*c + 14. Let v(p) = -p**2 - 9*p - 13. Let b(l) = 5*h(l) + 6*v(l). Let x be b(-3). What is the greatest common divisor of 170 and x?
10
Let c = -242 + 344. Let s be 848/6 + (-34)/c. Calculate the greatest common factor of 47 and s.
47
Suppose 3*s + 31*f - 32*f - 38 = 0, s = -4*f + 30. Suppose 5*w = 3*z + 73, 4*w = -5*z - 5 + 56. Calculate the greatest common factor of w and s.
14
Let b(o) = 156*o - 1055. Let t be b(7). Suppose 0*k - 2*k + 222 = 0. What is the greatest common factor of t and k?
37
Suppose p - 39 = 5*g - 142, -p = 3. Suppose -308*x + 309*x = g. Calculate the highest common factor of x and 130.
10
Let r be 315/6*(-12)/(-9). Suppose -i + v - r = 0, 6*i - 3*i = -3*v - 222. Let b = i + 101. What is the highest common divisor of b and 145?
29
Let o be (1/(-3) - 1)*(-2 + -15 - 463). Calculate the highest common divisor of o and 50.
10
Suppose -27*f - 173 = -32*f + 2*y, 2*y = 2*f - 74. Calculate the greatest common divisor of f and 825.
33
Let j be (-623)/(-7*(-13)/(-91)) + (-2 - -2) + -2. Let v be 2*(-2)/((-4)/23). Calculate the highest common factor of v and j.
23
Suppose -16*p = 2*q - 13*p - 389, -1039 = -5*q + 2*p. What is the greatest common divisor of q and 20705?
205
Suppose -5*y + 573 - 222 = 4*k, 3*k - 2*y - 269 = 0. Suppose -270 = -84*g + k*g. Let b = 110 + g. What is the greatest common divisor of 14 and b?
14
Suppose -4*l = 2*y + 998, -2*y = -7*l + 10*l + 1001. Let v = -504 - y. What is the highest common factor of v and 38?
1
Let i = -865 + -387. Let c be (-18)/(-99) + i/(-11). Suppose 4*s - 1 = 5*s, -2*l - 2*s = -c. Calculate the highest common divisor of 145 and l.
29
Let d be 958/(-4)*(10 + (-217)/7 + -5). What is the greatest common factor of d and 13?
13
Suppose 0 = -36*o - 7*o - 6957 + 21577. What is the highest common divisor of o and 323?
17
Let d = 8599 + -6938. What is the greatest common divisor of 22 and d?
11
Sup